 671 (base 11) to base 16.
324
What is -101011101 (base 2) in base 8?
-535
What is -30111 (base 4) in base 6?
-3353
23b (base 15) to base 7
1322
What is -7eae (base 16) in base 13?
-119b8
Convert 135 (base 6) to base 9.
65
Convert -103422 (base 8) to base 15.
-a3a3
305b (base 12) to base 16
1487
14136 (base 8) to base 11
4761
33a3 (base 16) to base 3
200010121
Convert -28b8 (base 12) to base 16.
-128c
-2112 (base 3) to base 15
-48
Convert 12020010 (base 3) to base 15.
11e0
9489 (base 10) to base 15
2c29
Convert -51013 (base 8) to base 10.
-21003
-501331 (base 6) to base 15
-b94d
-9665 (base 13) to base 14
-786a
-1124102 (base 5) to base 7
-113563
Convert -2630 (base 7) to base 5.
-13001
88e4 (base 16) to base 15
a5b4
-1396 (base 10) to base 2
-10101110100
Convert a (base 13) to base 5.
20
Convert 25756 (base 8) to base 12.
6612
What is -c81 (base 16) in base 6?
-22453
-231512 (base 6) to base 15
-5d2e
What is -1297 (base 11) in base 13?
-9c2
What is -737 (base 10) in base 3?
-1000022
Convert 463 (base 11) to base 9.
674
-32110 (base 10) to base 13
-11800
Convert -645 (base 14) to base 6.
-5421
Convert -101110111101 (base 2) to base 3.
-11010022
What is 10244 (base 6) in base 16?
574
What is 5140 (base 10) in base 16?
1414
What is 2112000 (base 4) in base 3?
111011120
What is -147c9 (base 14) in base 7?
-301342
106 (base 15) to base 4
3213
What is 100011101001 (base 2) in base 10?
2281
Convert d2c9 (base 15) to base 2.
1010110111100010
What is 1112104 (base 5) in base 11?
13848
Convert 3b3e (base 15) to base 10.
12659
28a (base 13) to base 4
13010
Convert 7421 (base 15) to base 7.
131410
Convert -314 (base 9) to base 10.
-256
What is 1356 (base 10) in base 12?
950
-15136 (base 7) to base 5
-113232
1101 (base 5) to base 10
151
What is 797 (base 11) in base 4?
32321
900 (base 11) to base 13
65a
What is 10011111111 (base 2) in base 15?
5a4
Convert -14c1 (base 14) to base 13.
-18b5
902 (base 15) to base 4
133223
6612 (base 11) to base 7
34303
-111010000100 (base 2) to base 13
-18cb
What is -907a (base 12) in base 3?
-210110111
3790 (base 12) to base 7
24240
Convert 10222 (base 3) to base 2.
1101011
Convert -3020 (base 6) to base 5.
-10120
What is -53232 (base 6) in base 15?
-2215
What is -75385 (base 9) in base 16?
-c2e4
What is 10420 (base 11) in base 13?
6b82
What is 789 (base 11) in base 15?
42e
What is -1895 (base 13) in base 9?
-5028
Convert 12310 (base 5) to base 8.
1673
What is 777 (base 8) in base 11?
425
What is 2b43 (base 12) in base 14?
1bd9
-3323 (base 5) to base 16
-1cf
What is -47065 (base 8) in base 11?
-14051
What is 2452 (base 12) in base 15?
132e
15768 (base 9) to base 14
3d3d
1733 (base 8) to base 2
1111011011
What is 14347 (base 8) in base 15?
1d50
What is -2c8e (base 16) in base 4?
-2302032
What is -1110022 (base 3) in base 2?
-10000100101
-10001100001100 (base 2) to base 12
-5238
10435 (base 6) to base 16
5b7
-32 (base 16) to base 12
-42
Convert -41052 (base 8) to base 10.
-16938
-2373 (base 8) to base 3
-1202020
Convert 8565 (base 10) to base 5.
233230
Convert 1a4 (base 15) to base 5.
3004
What is 4020 (base 7) in base 3?
1220100
Convert -14120 (base 6) to base 16.
-8a0
-10101000100000 (base 2) to base 8
-25040
What is -247 (base 15) in base 4?
-20011
6765 (base 13) to base 2
11100001110000
What is 1398 (base 10) in base 14?
71c
Convert 112222 (base 3) to base 4.
12110
Convert 3755 (base 9) to base 7.
11114
What is 202000 (base 3) in base 4?
20130
Convert 1411 (base 6) to base 15.
197
What is -1001001100111 (base 2) in base 5?
-122321
-1037 (base 12) to base 3
-2102121
What is 321154 (base 6) in base 13?
bc0b
What is 1880 (base 9) in base 10?
1449
1205 (base 14) to base 2
110001000101
Convert 1311032 (base 4) to base 12.
4412
213100 (base 4) to base 15
b27
Convert 133 (base 6) to base 10.
57
-11143 (base 5) to base 15
-383
What is -16a9a (base 11) in base 16?
-5d8a
What is -208 (base 16) in base 8?
-1010
-28a0 (base 15) to base 6
-104140
1980 (base 13) to base 16
eee
-1120 (base 10) to base 8
-2140
1011111101111 (base 2) to base 12
3667
What is 1703 (base 10) in base 3?
2100002
Convert -51a (base 14) to base 2.
-1111101100
-225b (base 12) to base 4
-323213
-885 (base 14) to base 12
-b85
What is -101100001111 (base 2) in base 4?
-230033
-30332 (base 4) to base 9
-1122
What is -141 (base 15) in base 7?
-556
3346 (base 8) to base 6
12102
What is -1131013 (base 4) in base 15?
-1b74
-247 (base 11) to base 15
-148
Convert 4627 (base 14) to base 10.
12187
What is -10114 (base 6) in base 14?
-6bc
What is -1011011 (base 2) in base 11?
-83
What is 34 (base 12) in base 14?
2c
What is 7538 (base 13) in base 2?
11111110001111
What is -31c0 (base 13) in base 6?
-52004
Convert -1275 (base 15) to base 11.
-2a58
What is -15633 (base 7) in base 12?
-2696
What is 101103 (base 4) in base 3?
1112000
Convert -4a4 (base 16) to base 14.
-60c
What is 409 (base 15) in base 3?
1020200
Convert -b169 (base 12) to base 8.
-45441
-2020 (base 5) to base 13
-170
3119 (base 13) to base 7
25526
What is 120013 (base 5) in base 2?
1000100011111
Convert -1346 (base 9) to base 14.
-526
7652 (base 16) to base 5
1432130
Convert -17b3 (base 16) to base 2.
-1011110110011
What is 1001032 (base 5) in base 10?
15767
What is -22122 (base 4) in base 15?
-2e6
8d97 (base 15) to base 12
15497
Convert -9464 (base 10) to base 4.
-2103320
What is 101100 (base 3) in base 5?
2104
Convert -2ab (base 14) to base 4.
-20133
Convert 6485 (base 13) to base 11.
a548
What is -165 (base 8) in base 16?
-75
Convert -676 (base 16) to base 4.
-121312
Convert 200 (base 11) to base 4.
3302
What is 1014 (base 8) in base 11?
437
-411 (base 5) to base 2
-1101010
Convert -1010001000111 (base 2) to base 3.
-21010021
2756 (base 12) to base 5
121110
What is 1507 (base 8) in base 9?
1132
-153014 (base 6) to base 14
-5614
-10100001111100 (base 2) to base 8
-24174
What is 1211221 (base 3) in base 2?
10101000100
-1576 (base 11) to base 4
-133203
-7605 (base 13) to base 16
-400e
What is 2608 (base 12) in base 15?
1438
What is -3223230 (base 5) in base 7?
-315545
Convert 10100110011 (base 2) to base 15.
5db
Convert 1235 (base 9) to base 10.
923
285 (base 10) to base 8
435
What is a2 (base 13) in base 3?
11220
-17673 (base 8) to base 7
-32453
What is 1324 (base 13) in base 10?
2734
Convert 32508 (base 10) to base 2.
111111011111100
What is 128a (base 14) in base 6?
23030
-1223213 (base 5) to base 10
-23558
-41 (base 7) to base 13
-23
What is ac4 (base 15) in base 6?
15134
Convert -824 (base 11) to base 16.
-3e2
Convert 2714 (base 8) to base 4.
113030
Convert 86 (base 15) to base 14.
90
What is 903 (base 14) in base 13?
a5c
What is 1033 (base 8) in base 12?
38b
534 (base 9) to base 13
277
What is -33d (base 14) in base 2?
-1010000011
Convert 935 (base 10) to base 14.
4ab
What is 225 (base 16) in base 13?
333
-34221 (base 5) to base 8
-4604
3211424 (base 5) to base 9
82047
23153 (base 7) to base 14
222a
4308 (base 9) to base 15
e12
What is -4826 (base 14) in base 12?
-7342
What is -661 (base 8) in base 16?
-1b1
Convert -2ca (base 16) to base 13.
-42c
Convert 101011 (base 2) to base 8.
53
Convert -1609 (base 10) to base 7.
-4456
202022012 (base 3) to base 9
22265
Convert -24243 (base 8) to base 7.
-42221
10000011111 (base 2) to base 8
2037
-90 (base 11) to base 16
-63
What is 121212222 (base 3) in base 7?
50615
-47775 (base 8) to base 14
-7669
Convert 20101 (base 4) to base 16.
211
What is -110122 (base 4) in base 3?
-1210101
604 (base 12) to base 9
1164
57474 (base 8) to base 3
1020102222
1294 (base 12) to base 6
13504
Convert 661 (base 12) to base 16.
3a9
Convert 110001101000011 (base 2) to base 15.
77e1
What is c5c (base 15) in base 16?
ae3
What is -380 (base 14) in base 6?
-3124
Convert -27da (base 15) to base 3.
-102200221
101000100100 (base 2) to base 11
1a50
What is -e72 (base 15) in base 12?
-1a75
-10101110011 (base 2) to base 13
-834
2a1c (base 15) to base 5
242102
Convert -aeaa (base 16) to base 8.
-127252
Convert -119 (base 11) to base 7.
-261
What is 34c3 (base 15) in base 14?
4128
-9711 (base 13) to base 12
-10176
Convert 55 (base 12) to base 11.
5a
What is -1029 (base 14) in base 11?
-20a9
Convert -28404 (base 10) to base 5.
-1402104
-20523 (base 8) to base 11
-6456
What is -51ed (base 15) in 